y g?
6
Suppose -4*l + 9*l + 66 = p, 5*p - 4*l = 225. Let v = 102 + -49. Suppose -5 = 2*h + 4*s - v, s = 4*h - 51. Calculate the remainder when p is divided by h.
13
Let o(q) be the first derivative of -q**4/4 - 5*q**3/3 - q**2 + 6*q - 2. Let h be -2 + -2*1 - 1. Calculate the remainder when 47 is divided by o(h).
15
Let v = 58 - 15. Calculate the remainder when v is divided by 11.
10
Let a(g) = -g**2 + 17*g + 31. Let v(i) be the third derivative of 13*i**4/12 - i**3/6 + i**2. Calculate the remainder when v(1) is divided by a(18).
12
Let l = 9 + 0. Let p = -4 + l. Suppose -p = -2*v + 3. Calculate the remainder when v is divided by 3.
1
Let a = 27 + -7. What is the remainder when 58 is divided by a?
18
Suppose -4*n + 3*w + 12 = -6, -5*n + 4*w = -23. Suppose 2*v + 4*y = 30, 3*v + n*y - 52 = -22. Calculate the remainder when 13 is divided by v.
3
Let x(t) = 6*t**2 - t + 1. Let m be x(1). Let r(k) = 3*k - 9. What is the remainder when r(m) is divided by 6?
3
Suppose 6*p = -4*y + p + 72, 0 = y - 3*p - 1. Calculate the remainder when 48 is divided by y.
9
Let c(h) = h**2 + 5*h - 2. Suppose 0 = f + 3*f + 8. What is the remainder when c(-7) is divided by (2 + -18)/f + -1?
5
Let v = -182 + 198. Calculate the remainder when (3 - 1)*58/4 is divided by v.
13
Let f(a) = -a**2 + 6*a + 9. What is the remainder when 5 is divided by f(7)?
1
Let m = -19 - -27. Let v = m + 17. Calculate the remainder when v is divided by 9.
7
Suppose -4*x - 7*h + 2*h = -58, -4*x - h + 66 = 0. What is the remainder when 32 is divided by x?
15
Suppose 0 = 5*w - 6*w + 2*x, x = 3*w - 10. Suppose 32 = w*a - 0*a. Calculate the remainder when 30 is divided by a.
6
Let j(z) = -74*z**3 - 2*z**2 + 1. Calculate the remainder when j(-1) is divided by 19.
16
Suppose -152 = 4*o - 8*o. Suppose -5*g + 2*g + 18 = 0. Suppose -4*p + 28 = -4*l, -g*p + 2*p + 46 = 2*l. What is the remainder when o is divided by p?
8
Let f = 89 + -59. Calculate the remainder when f is divided by 16.
14
Suppose -v + 3*y = 3*v + 53, -73 = 4*v + y. Let c = -9 - v. Suppose 0 = 4*m - 28 - 32. Calculate the remainder when m is divided by c.
7
Suppose -x + 11 = u - 39, -50 = -u + 4*x. Suppose -2*z + 4*v + u = 0, 3*z - 45 - 14 = 2*v. What is the remainder when 65 is divided by z?
14
Suppose 11 = -p + 25. Let f be 3 + (0 - 2) + -39. Let u = 2 - f. Calculate the remainder when u is divided by p.
12
Suppose -2*u + 5 = -3. Let j = 4 - u. Suppose 2*a + 3*n = 86, -a + j*a + n + 33 = 0. What is the remainder when a is divided by 13?
11
Let p = 102 - 38. What is the remainder when p is divided by 17?
13
Let z = -21 - -29. Let c(x) = x**2 - 2*x - 3. Let r be c(3). Suppose r = -2*b - 2*w, 7*b = 3*b + 3*w + 35. Calculate the remainder when z is divided by b.
3
Let f = -35 - -20. Let u be (12/f)/(1/5). What is the remainder when 50 is divided by (-13)/2*(-6 - u)?
11
Suppose 0 = 2*z + 3*z - 4*i - 159, 0 = -5*z - 4*i + 151. Let u(g) = 15*g - 13. Calculate the remainder when u(9) is divided by z.
29
Suppose 0*p + 31 = p. What is the remainder when p is divided by 11?
9
Let t = 115 - 105. Calculate the remainder when 29 is divided by t.
9
Suppose 2*s - 89 = 35. Calculate the remainder when s is divided by 16.
14
Let m(u) = u + 3. Let y = 0 - -4. What is the remainder when 13 is divided by m(y)?
6
Suppose 3*s + 2*a - 60 = a, 4*a = 5*s - 100. Suppose 3*j - 8*j + s = 0, -5*p + 2*j = -107. Let v = -353 + 361. What is the remainder when p is divided by v?
7
Let n(t) = 3*t**2 - 4*t - 2. Let g be n(4). Let i = 4 + g. What is the remainder when i is divided by 12?
10
Let a = 20 - 16. Let r(b) = -1 - 2 + 0*b + 8*b. What is the remainder when r(a) is divided by 15?
14
Let w be (2 - 3/3)*3. Suppose 2*s = w*s - 22. Calculate the remainder when s is divided by 8.
6
Suppose p - 20 - 25 = 0. What is the remainder when p is divided by 16?
13
Let b = 8 - 6. Let p = b - -3. Calculate the remainder when (2 - (-21)/9)*3 is divided by p.
3
Suppose 20 = 3*b - b. Let n = 2 - b. Let k = n + 11. Calculate the remainder when 7 is divided by k.
1
Let k = -23 + 39. Let m = k + -10. What is the remainder when 21 is divided by m?
3
Let u = -11 + 32. What is the remainder when u is divided by 6?
3
Let t(y) = -46*y - 4. Calculate the remainder when t(-1) is divided by 22.
20
Suppose 0 = 5*b - 4*b - 25. What is the remainder when b is divided by 9?
7
Let z = -17 + 29. What is the remainder when 18 is divided by z?
6
Let b(i) = -i**2 + 10*i - 11. Let c be b(8). Suppose 3*o - 2*d - 143 = -52, 3*d + 151 = c*o. Calculate the remainder when 85 is divided by o.
27
Suppose 0 = 4*p - 12, p - 75 = -3*v - 0*p. Let d(k) = k**2 - 11*k + 9. Let x be d(8). Calculate the remainder when v is divided by 0/1 - x - 2.
11
Let z = -1 + 6. Suppose 0 = z*f - 3*n - 0 - 68, 2*n = -4*f + 50. Calculate the remainder when f is divided by 7.
6
What is the remainder when 5*(5 + -1 + -1) is divided by 0/(14 - 7) - (0 + -8)?
7
Let v(b) = b**2 - 4*b + 4. Let m be v(6). Let f = m - 3. What is the remainder when 36 is divided by f?
10
Suppose -3*p + 23 + 34 = 0. Suppose 2*r + 4*k - 24 = 0, 4*r - p - 68 = 5*k. What is the remainder when r is divided by 5?
3
Suppose 18 + 10 = 2*h. What is the remainder when h is divided by 7?
0
Suppose -2*x - 2*g = -12, -4*x + 2*x = g - 10. Calculate the remainder when 47 is divided by x.
3
Suppose -5 = -2*x + a - 0*a, 19 = 4*x + a. Suppose 4*p - 3*m = -2*m - 9, 2*m = -3*p - x. Calculate the remainder when p/(-7) - 208/(-7) is divided by 11.
8
Suppose -3*l = -5*l - 10. What is the remainder when 12 is divided by (-37)/l - (-4)/(-10)?
5
What is the remainder when ((-7)/(14/(-19)))/((-1)/(-2)) is divided by 3?
1
Let o be (-3)/(-1 + 6/7). Let j = 12 - 9. Suppose -5*g - 26 = -2*n - g, -o = -3*n - j*g. What is the remainder when 26 is divided by n?
8
Let s = -41 + 76. Let k be 1/3 + (-136)/(-6). Let d = 35 - k. What is the remainder when s is divided by d?
11
Let g = 118 - 59. Calculate the remainder when g is divided by 23.
13
Let x(f) = f**3 - f**2 + 2*f - 3. Let l be x(2). Let h = 4 + -1. Suppose a - h*i = 24, l*a - 28 - 28 = -i. Calculate the remainder when a is divided by 7.
5
Let f be ((-4)/6)/((-2)/6). Suppose u = -3*g - u + 61, -4*g = -f*u - 72. What is the remainder when (5/10)/(2/220) is divided by g?
17
Let r(c) be the first derivative of 8*c**4/3 + c**3/6 - c**2 + 3. Let h(n) be the second derivative of r(n). Calculate the remainder when h(1) is divided by 17.
14
Let h be (-3 - -1) + 0 - 1. Let d(k) = -3*k - 4. Let m be d(h). Suppose 3*y + m*n = -0*y + 6, -2*y - 2*n = -8. Calculate the remainder when 13 is divided by y.
6
What is the remainder when 0 - -46*1 - -2 is divided by 10?
8
Calculate the remainder when -2*-3*65/30 is divided by 9.
4
Suppose 5*q = -2*f + 13, -f + 6*f + 2*q = 22. Suppose 0 = -3*x + 10 + 8. Suppose -3*h = -x*h + 18. Calculate the remainder when h is divided by f.
2
Let p = 0 + 26. Suppose 0 = -3*c + 5*c - 14. Calculate the remainder when p is divided by c.
5
Let r = -167 - -247. Suppose 3*n + 17 = r. What is the remainder when n is divided by 11?
10
Let x = 42 - 33. What is the remainder when 23 is divided by x?
5
Suppose 3*n = 4*f + 244, 0 = -n + 2*n + 2*f - 78. Calculate the remainder when n is divided by 22.
14
Let d(o) = -33*o**3 - 2*o**2 - 5*o - 4. What is the remainder when 62 is divided by d(-1)?
30
Let m = 55 + -50. What is the remainder when 28 is divided by m?
3
Let k be 33 - (-2 + -1)*1. Suppose 4*x = -r - 6, -4*r + 0*x - 4*x + k = 0. What is the remainder when r is divided by 8?
6
Suppose -3*q - 4*m = 6, 0 = 4*q + m + m + 8. Calculate the remainder when 14 is divided by (10/(-4))/(q/4).
4
Suppose -4*f + 5*f - 27 = 0. Calculate the remainder when f is divided by (-5 - (-330)/48)*8.
12
Let r(s) = -3*s**2 - 1 - 58*s**3 - s + s**2 + 0 - s. Calculate the remainder when r(-1) is divided by 15.
12
Let j(h) = h + 6. Let x be j(0). Let o = x + -5. Suppose -p + o = -3. Calculate the remainder when p is divided by 3.
1
Calculate the remainder when 65 is divided by 30/165 + 185/11.
14
Let t = -30 + 66. What is the remainder when t is divided by 13?
10
What is the remainder when 3/12 - 345/(-12) is divided by ((-24)/5)/(6/(-20))?
13
Let h be -4*-10*2/(-16). Let o = h - -8. Suppose -n + 3 + o = 0. Calculate the remainder when 16 is divided by n.
